{"id":466,"date":"2020-12-15T20:21:51","date_gmt":"2020-12-15T20:21:51","guid":{"rendered":"https:\/\/test.pirinum.at\/?page_id=466"},"modified":"2021-12-21T20:29:29","modified_gmt":"2021-12-21T20:29:29","slug":"bestellung","status":"publish","type":"page","link":"https:\/\/www.pirinum.at\/?page_id=466","title":{"rendered":"Bestellung"},"content":{"rendered":"\n<p><\/p>\n\n\n\n<div class=\"wp-block-themeisle-blocks-advanced-columns alignfull has-1-columns has-desktop-equal-layout has-tablet-equal-layout has-mobile-equal-layout has-nogap-gap has-vertical-center\" id=\"wp-block-themeisle-blocks-advanced-columns-df3a29c0\"><div class=\"wp-block-themeisle-blocks-advanced-columns-overlay\"><\/div><div class=\"innerblocks-wrap\">\n<div class=\"wp-block-themeisle-blocks-advanced-column\" id=\"wp-block-themeisle-blocks-advanced-column-65f1ff7e\">\n<div id=\"wp-block-themeisle-blocks-advanced-heading-cc2c1440\" class=\"wp-block-themeisle-blocks-advanced-heading wp-block-themeisle-blocks-advanced-heading-cc2c1440\">Genuss f\u00fcr zu Hause <\/div>\n\n\n\n<div class=\"wp-block-themeisle-blocks-advanced-columns has-1-columns has-desktop-equal-layout has-tablet-equal-layout has-mobile-equal-layout has-nogap-gap has-vertical-unset\" id=\"wp-block-themeisle-blocks-advanced-columns-113516ca\"><div class=\"wp-block-themeisle-blocks-advanced-columns-overlay\"><\/div><div class=\"innerblocks-wrap\">\n<div class=\"wp-block-themeisle-blocks-advanced-column\" id=\"wp-block-themeisle-blocks-advanced-column-0e842539\"><div class=\"wpforms-container wpforms-container-full wpforms-block\" id=\"wpforms-454\"><form id=\"wpforms-form-454\" class=\"wpforms-validate wpforms-form\" data-formid=\"454\" method=\"post\" enctype=\"multipart\/form-data\" action=\"\/index.php?rest_route=%2Fwp%2Fv2%2Fpages%2F466\" data-token=\"5c70f4465867eaedb6dc6e5cdc0518dc\" data-token-time=\"1777790489\"><div class=\"wpforms-head-container\"><\/div><noscript class=\"wpforms-error-noscript\">Please enable JavaScript in your browser to complete this form.<\/noscript><div class=\"wpforms-field-container\"><div id=\"wpforms-454-field_0-container\" class=\"wpforms-field wpforms-field-name\" data-field-id=\"0\"><label class=\"wpforms-field-label\" for=\"wpforms-454-field_0\">Vorname | Nachname <span class=\"wpforms-required-label\">*<\/span><\/label><input type=\"text\" id=\"wpforms-454-field_0\" class=\"wpforms-field-medium wpforms-field-required\" name=\"wpforms[fields][0]\" required><\/div><div id=\"wpforms-454-field_1-container\" class=\"wpforms-field wpforms-field-email\" data-field-id=\"1\"><label class=\"wpforms-field-label\" for=\"wpforms-454-field_1\">E-Mail <span class=\"wpforms-required-label\">*<\/span><\/label><input type=\"email\" id=\"wpforms-454-field_1\" class=\"wpforms-field-medium wpforms-field-required\" name=\"wpforms[fields][1]\" spellcheck=\"false\" required><\/div><div id=\"wpforms-454-field_14-container\" class=\"wpforms-field wpforms-field-text\" data-field-id=\"14\"><label class=\"wpforms-field-label\" for=\"wpforms-454-field_14\">Telefonnummer:<\/label><input type=\"text\" id=\"wpforms-454-field_14\" class=\"wpforms-field-medium\" name=\"wpforms[fields][14]\" ><\/div><div id=\"wpforms-454-field_3-container\" class=\"wpforms-field wpforms-field-select wpforms-field-select-style-modern\" data-field-id=\"3\"><label class=\"wpforms-field-label\" for=\"wpforms-454-field_3\">Meine Bestellung <span class=\"wpforms-required-label\">*<\/span><\/label><select id=\"wpforms-454-field_3\" class=\"wpforms-field-medium wpforms-field-required choicesjs-select\" data-size-class=\"wpforms-field-row wpforms-field-medium\" data-search-enabled=\"\" name=\"wpforms[fields][3]\" required=\"required\"><option value=\"\" class=\"placeholder\" disabled  selected='selected'>Wie viel darf&#039;s denn sein?<\/option><option value=\"Kleines Probierpaket: 3 Flaschen | 0,75l-Frizzanteflaschen | \u20ac12,80 pro Flasche, zzgl. 9,50\u20ac Versandkosten | Gesamtpreis: \u20ac47,90\"  class=\"choice-1 depth-1\"  >Kleines Probierpaket: 3 Flaschen | 0,75l-Frizzanteflaschen | \u20ac12,80 pro Flasche, zzgl. 9,50\u20ac Versandkosten | Gesamtpreis: \u20ac47,90<\/option><option value=\"Genusspaket: 6 Flaschen | 0,75l-Frizzanteflaschen | Aktionspreis \u20ac11,50 pro Flasche |  gratis Versand! | Gesamtpreis: \u20ac69,00\"  class=\"choice-2 depth-1\"  >Genusspaket: 6 Flaschen | 0,75l-Frizzanteflaschen | Aktionspreis \u20ac11,50 pro Flasche |  gratis Versand! | Gesamtpreis: \u20ac69,00<\/option><option value=\"Luxus-Paket: 12 Flaschen  | 0,75l-Frizzanteflaschen | Aktionspreis \u20ac11,50 pro Flasche | gratis Versand! | Gesamtpreis: \u20ac138,00\"  class=\"choice-3 depth-1\"  >Luxus-Paket: 12 Flaschen  | 0,75l-Frizzanteflaschen | Aktionspreis \u20ac11,50 pro Flasche | gratis Versand! | Gesamtpreis: \u20ac138,00<\/option><\/select><div class=\"wpforms-field-description\">Aktionspreis ab 6 Flaschen LILO Cider-geil 0,75l: \u20ac11,50 pro Flasche | Versand im zertifizierten Post-Flaschenkarton | Lieferung innerhalb von 5-7 Werktagen.\r\n<\/div><\/div><div id=\"wpforms-454-field_7-container\" class=\"wpforms-field wpforms-field-textarea\" data-field-id=\"7\"><label class=\"wpforms-field-label\" for=\"wpforms-454-field_7\">Adresse <span class=\"wpforms-required-label\">*<\/span><\/label><textarea id=\"wpforms-454-field_7\" class=\"wpforms-field-small wpforms-field-required wpforms-limit-characters-enabled\" data-form-id=\"454\" data-field-id=\"7\" data-text-limit=\"200\" name=\"wpforms[fields][7]\" placeholder=\"Stra\u00dfe + Hausnummer |  PLZ + Gemeinde\" maxlength=\"200\" required><\/textarea><\/div><div id=\"wpforms-454-field_10-container\" class=\"wpforms-field wpforms-field-radio\" data-field-id=\"10\"><label class=\"wpforms-field-label\">Empf\u00e4ngeradresse in: <span class=\"wpforms-required-label\">*<\/span><\/label><ul id=\"wpforms-454-field_10\" class=\"wpforms-field-required\"><li class=\"choice-1 depth-1\"><input type=\"radio\" id=\"wpforms-454-field_10_1\" name=\"wpforms[fields][10]\" value=\"\u00d6sterreich (ab 6 Flaschen versandkostenfrei)\" required ><label class=\"wpforms-field-label-inline\" for=\"wpforms-454-field_10_1\">\u00d6sterreich (ab 6 Flaschen versandkostenfrei)<\/label><\/li><li class=\"choice-2 depth-1\"><input type=\"radio\" id=\"wpforms-454-field_10_2\" name=\"wpforms[fields][10]\" value=\"Deutschland (zzgl. 12\u20ac Versandpauschale)\" required ><label class=\"wpforms-field-label-inline\" for=\"wpforms-454-field_10_2\">Deutschland (zzgl. 12\u20ac Versandpauschale)<\/label><\/li><li class=\"choice-4 depth-1\"><input type=\"radio\" id=\"wpforms-454-field_10_4\" name=\"wpforms[fields][10]\" value=\"anderes EU-Land (zzgl. 20\u20ac Versandpauschale)\" required ><label class=\"wpforms-field-label-inline\" for=\"wpforms-454-field_10_4\">anderes EU-Land (zzgl. 20\u20ac Versandpauschale)<\/label><\/li><\/ul><\/div><div id=\"wpforms-454-field_5-container\" class=\"wpforms-field wpforms-field-radio\" data-field-id=\"5\"><label class=\"wpforms-field-label\">Jugendschutz-Best\u00e4tigung <span class=\"wpforms-required-label\">*<\/span><\/label><ul id=\"wpforms-454-field_5\" class=\"wpforms-field-required\"><li class=\"choice-1 depth-1\"><input type=\"radio\" id=\"wpforms-454-field_5_1\" name=\"wpforms[fields][5]\" value=\"Ich best\u00e4tige hiermit, dass ich \u00fcber 18 Jahre alt bin, um dieses alkoholische Getr\u00e4nke kaufen zu d\u00fcrfen\" required ><label class=\"wpforms-field-label-inline\" for=\"wpforms-454-field_5_1\">Ich best\u00e4tige hiermit, dass ich \u00fcber 18 Jahre alt bin, um dieses alkoholische Getr\u00e4nke kaufen zu d\u00fcrfen<\/label><\/li><\/ul><\/div><div id=\"wpforms-454-field_13-container\" class=\"wpforms-field wpforms-field-radio\" data-field-id=\"13\"><label class=\"wpforms-field-label\">Bestellbest\u00e4tigung: <span class=\"wpforms-required-label\">*<\/span><\/label><ul id=\"wpforms-454-field_13\" class=\"wpforms-field-required\"><li class=\"choice-1 depth-1\"><input type=\"radio\" id=\"wpforms-454-field_13_1\" name=\"wpforms[fields][13]\" value=\"Ich best\u00e4tige meine Bestellung verbindlich als Kauf. Der Endpreis ergibt sich aus dem Produkt des Preis pro Flasche und der bestellten Anzahl zuz\u00fcglich m\u00f6glich anfallender Versandkosten, wie angegeben. Die Preise sind Endpreise, da gem\u00e4\u00df der Kleinunternehmerregelung die Umsatzsteuer entf\u00e4llt und demnach nicht ausgewiesen werden muss. Weitere Information zum R\u00fccktrittsrecht und zu den AGB habe ich dem Impressum entnommen und stimme den Bestimmungen zu.\" required ><label class=\"wpforms-field-label-inline\" for=\"wpforms-454-field_13_1\">Ich best\u00e4tige meine Bestellung verbindlich als Kauf. Der Endpreis ergibt sich aus dem Produkt des Preis pro Flasche und der bestellten Anzahl zuz\u00fcglich m\u00f6glich anfallender Versandkosten, wie angegeben. Die Preise sind Endpreise, da gem\u00e4\u00df der Kleinunternehmerregelung die Umsatzsteuer entf\u00e4llt und demnach nicht ausgewiesen werden muss. Weitere Information zum R\u00fccktrittsrecht und zu den AGB habe ich dem Impressum entnommen und stimme den Bestimmungen zu.<\/label><\/li><\/ul><\/div><div id=\"wpforms-454-field_15-container\" class=\"wpforms-field wpforms-field-radio\" data-field-id=\"15\"><label class=\"wpforms-field-label\">Cider-Infos <span class=\"wpforms-required-label\">*<\/span><\/label><ul id=\"wpforms-454-field_15\" class=\"wpforms-field-required\"><li class=\"choice-1 depth-1 wpforms-selected\"><input type=\"radio\" id=\"wpforms-454-field_15_1\" name=\"wpforms[fields][15]\" value=\"Ich m\u00f6chte informiert werden, wenn es Neuigkeiten von PIRINUM zu meinen bestellten Artikeln gibt.\" required  checked='checked'><label class=\"wpforms-field-label-inline\" for=\"wpforms-454-field_15_1\">Ich m\u00f6chte informiert werden, wenn es Neuigkeiten von PIRINUM zu meinen bestellten Artikeln gibt.<\/label><\/li><li class=\"choice-4 depth-1\"><input type=\"radio\" id=\"wpforms-454-field_15_4\" name=\"wpforms[fields][15]\" value=\"Ich m\u00f6chte von PIRINUM nicht kontaktiert werden.\" required ><label class=\"wpforms-field-label-inline\" for=\"wpforms-454-field_15_4\">Ich m\u00f6chte von PIRINUM nicht kontaktiert werden.<\/label><\/li><\/ul><\/div><div id=\"wpforms-454-field_2-container\" class=\"wpforms-field wpforms-field-textarea\" data-field-id=\"2\"><label class=\"wpforms-field-label\" for=\"wpforms-454-field_2\">Pers\u00f6nliche Nachricht an die Cider-Produzenten:<\/label><textarea id=\"wpforms-454-field_2\" class=\"wpforms-field-medium wpforms-limit-characters-enabled\" data-form-id=\"454\" data-field-id=\"2\" data-text-limit=\"1000\" name=\"wpforms[fields][2]\" maxlength=\"1000\" ><\/textarea><\/div><\/div><!-- .wpforms-field-container --><div class=\"wpforms-recaptcha-container wpforms-is-hcaptcha\" ><div class=\"h-captcha\" data-sitekey=\"a8811231-b938-4ce9-b166-315e1b6b81c8\"><\/div><input type=\"text\" name=\"g-recaptcha-hidden\" class=\"wpforms-recaptcha-hidden\" style=\"position:absolute!important;clip:rect(0,0,0,0)!important;height:1px!important;width:1px!important;border:0!important;overflow:hidden!important;padding:0!important;margin:0!important;\" data-rule-hcaptcha=\"1\"><\/div><div class=\"wpforms-submit-container\" ><input type=\"hidden\" name=\"wpforms[id]\" value=\"454\"><input type=\"hidden\" name=\"page_title\" value=\"\"><input type=\"hidden\" name=\"page_url\" value=\"https:\/\/www.pirinum.at\/index.php?rest_route=\/wp\/v2\/pages\/466\"><input type=\"hidden\" name=\"url_referer\" value=\"\"><button type=\"submit\" name=\"wpforms[submit]\" id=\"wpforms-submit-454\" class=\"wpforms-submit\" data-alt-text=\"Sending...\" data-submit-text=\"Bestellung aufgeben\" aria-live=\"assertive\" value=\"wpforms-submit\">Bestellung aufgeben<\/button><\/div><\/form><\/div>  <!-- .wpforms-container --><\/div>\n<\/div><\/div>\n\n\n\n<div class=\"wp-block-image is-style-rounded\"><figure class=\"aligncenter size-full\"><img loading=\"lazy\" width=\"512\" height=\"512\" src=\"https:\/\/www.pirinum.at\/wp-content\/uploads\/2020\/12\/cropped-pic01-1.jpg\" alt=\"\" class=\"wp-image-17\" srcset=\"https:\/\/www.pirinum.at\/wp-content\/uploads\/2020\/12\/cropped-pic01-1.jpg 512w, https:\/\/www.pirinum.at\/wp-content\/uploads\/2020\/12\/cropped-pic01-1-300x300.jpg 300w, https:\/\/www.pirinum.at\/wp-content\/uploads\/2020\/12\/cropped-pic01-1-150x150.jpg 150w, https:\/\/www.pirinum.at\/wp-content\/uploads\/2020\/12\/cropped-pic01-1-450x450.jpg 450w, https:\/\/www.pirinum.at\/wp-content\/uploads\/2020\/12\/cropped-pic01-1-100x100.jpg 100w, https:\/\/www.pirinum.at\/wp-content\/uploads\/2020\/12\/cropped-pic01-1-270x270.jpg 270w, https:\/\/www.pirinum.at\/wp-content\/uploads\/2020\/12\/cropped-pic01-1-192x192.jpg 192w, https:\/\/www.pirinum.at\/wp-content\/uploads\/2020\/12\/cropped-pic01-1-180x180.jpg 180w, https:\/\/www.pirinum.at\/wp-content\/uploads\/2020\/12\/cropped-pic01-1-32x32.jpg 32w\" sizes=\"(max-width: 512px) 100vw, 512px\" \/><\/figure><\/div>\n<\/div>\n<\/div><\/div>\n\n\n\n<p><\/p>\n","protected":false},"excerpt":{"rendered":"","protected":false},"author":2,"featured_media":0,"parent":0,"menu_order":0,"comment_status":"closed","ping_status":"closed","template":"","meta":{"neve_meta_sidebar":"full-width","neve_meta_container":"","neve_meta_enable_content_width":"on","neve_meta_content_width":100,"neve_meta_title_alignment":"","neve_meta_author_avatar":"","neve_post_elements_order":"","neve_meta_disable_header":"off","neve_meta_disable_footer":"","neve_meta_disable_title":"on","_themeisle_gutenberg_block_has_review":false},"_links":{"self":[{"href":"https:\/\/www.pirinum.at\/index.php?rest_route=\/wp\/v2\/pages\/466"}],"collection":[{"href":"https:\/\/www.pirinum.at\/index.php?rest_route=\/wp\/v2\/pages"}],"about":[{"href":"https:\/\/www.pirinum.at\/index.php?rest_route=\/wp\/v2\/types\/page"}],"author":[{"embeddable":true,"href":"https:\/\/www.pirinum.at\/index.php?rest_route=\/wp\/v2\/users\/2"}],"replies":[{"embeddable":true,"href":"https:\/\/www.pirinum.at\/index.php?rest_route=%2Fwp%2Fv2%2Fcomments&post=466"}],"version-history":[{"count":17,"href":"https:\/\/www.pirinum.at\/index.php?rest_route=\/wp\/v2\/pages\/466\/revisions"}],"predecessor-version":[{"id":752,"href":"https:\/\/www.pirinum.at\/index.php?rest_route=\/wp\/v2\/pages\/466\/revisions\/752"}],"wp:attachment":[{"href":"https:\/\/www.pirinum.at\/index.php?rest_route=%2Fwp%2Fv2%2Fmedia&parent=466"}],"curies":[{"name":"wp","href":"https:\/\/api.w.org\/{rel}","templated":true}]}}